et r(k) = k**2 - 5*k - 11. Suppose 0 = -3*t - 7*a + 2*a - 37, 0 = 5*a + 10. What is the units digit of r(t)?
5
Suppose -14520 = -502*q + 492*q. What is the units digit of q?
2
Suppose -5 = 5*z + 5. Let x(s) = 7*s. Let f be x(z). Let w = 2 - f. What is the tens digit of w?
1
Let f(t) = -41*t - 88. What is the tens digit of f(-8)?
4
What is the tens digit of -3 - 9/((69/(-756))/23)?
6
Suppose 0 = 4*a + d - 16, -9 = 2*a + 4*d - 3. What is the units digit of 360/a + 3 - 0?
5
Suppose 3*m - 38 - 232 = 0. Let k = 127 - m. What is the units digit of k?
7
Suppose -3*v - 86 = -4*x - 349, 2*x + 271 = 3*v. Let q be ((-2)/(-4))/((-12)/1176). Let p = q + v. What is the units digit of p?
4
Let b(c) = 24*c + 76. What is the thousands digit of b(52)?
1
What is the tens digit of (-108)/90*1195/(-3)?
7
Suppose -2 + 20 = 3*b. Let v be ((-40)/(-2))/(b/(-12)). What is the tens digit of (-108)/(-45)*v/(-6)?
1
Suppose -32 - 10 = -a. Let d = 34 - 17. Let v = a - d. What is the units digit of v?
5
Suppose 0 = -2*g + 22 + 26. Suppose -p + g + 11 = 0. What is the units digit of p?
5
Let s(i) = 3*i + 152. Let w be s(0). Suppose -8*d = -w - 48. What is the tens digit of d?
2
Let d be (9/6)/(3/8). Suppose 0*m + y - 12 = d*m, 0 = 3*m - 5*y + 9. Let a = 17 - m. What is the units digit of a?
0
Let a = 79 + -76. Suppose -4*s = -2*v - a*v + 846, 4*s = 3*v - 506. What is the tens digit of v?
7
Suppose -3408 = 31*d - 39*d. What is the tens digit of d?
2
Let c be 6/15 + (-1372)/(-20). Let s = 11 - 8. Suppose 36 = s*i - c. What is the units digit of i?
5
Suppose 2*m - 3678 - 2347 = -3*z, -4*z + 8052 = -2*m. What is the tens digit of z?
1
Let a = -25 + 90. What is the tens digit of a?
6
Suppose 0 = -4*a, -4*j - j = 2*a + 15. Let v(y) = y - 1. Let t(h) = -h - 7. Let f(n) = t(n) - 4*v(n). What is the tens digit of f(j)?
1
Suppose 4*m + 22 = 2*q, -m = -3*q + 6*q - 61. Let h = 60 + q. What is the units digit of h?
9
Let y = -526 - -1121. What is the units digit of y?
5
Let m be (-8)/24 - 76/(-3). What is the hundreds digit of (m/20 - 2)/(2/(-320))?
1
Let r(k) = -44*k**3 - 5*k**2 - 7*k - 2. What is the units digit of r(-1)?
4
Let p(j) = -j**3 - 11*j**2 - 9*j + 9. Let y be (-41)/4 + (-10)/(-40). Let l be p(y). What is the units digit of 2/(-2) - (l - 6)?
6
Suppose -752 + 4030 = t + 5*u, 0 = 2*t + 4*u - 6526. What is the units digit of t?
3
Let y(r) = -6*r**2 + 168*r + 5. What is the tens digit of y(24)?
8
What is the units digit of 0*6/18 + 493?
3
Suppose 50*r - 14*r = 3852. What is the tens digit of r?
0
Suppose -3*y + 5*x = -48, 0 = -2*y - 3*x + 35 + 16. Let c(b) = b**3 - 20*b**2 - 20*b + 21. What is the units digit of c(y)?
2
Let s(r) = r**3 + 25*r**2 + 13*r + 11. What is the hundreds digit of s(-24)?
2
Suppose -15 = -0*r - 5*r. Suppose -r*k + 15 = 2*k. Suppose k*c = -4*z + 67, -2*z + 4*c + 88 = 2*z. What is the tens digit of z?
1
Suppose -2*b + 9 = b. Suppose 286 = b*g - 113. What is the hundreds digit of g?
1
Let c = -324 + 196. Let d = 216 + c. What is the tens digit of d?
8
Suppose 14*z = 9*z. Suppose -3*a + 832 = 5*k, -2*k - 4*a + 344 = -z*k. Suppose 3*v = -2*x + 96, 4*x + v - 2*v - k = 0. What is the tens digit of x?
4
Let x = -211 - 26. What is the units digit of ((-18)/(-27))/((-2)/x)?
9
Suppose -180 = 5*t - 35. Let s = t + 45. What is the units digit of s?
6
Let m = 80 + -64. What is the units digit of -46*((-24)/m)/(3/2)?
6
Let g = -136 - -2108. What is the hundreds digit of g?
9
Let m = 3325 + -2332. What is the hundreds digit of m?
9
Let q be (-66)/4 - (-6)/(-4). What is the tens digit of 156/q*9/(-6)?
1
Suppose 2*c = 4*d + 1436, -2886 = -5*c + c + d. What is the hundreds digit of c?
7
What is the hundreds digit of -282*(-5)/45*36?
1
Suppose -27 = -2*b + 5*g, -5 = b - 4*g - 26. What is the tens digit of b/(-2)*(4 + -54)?
2
Suppose 5*k = 4*d + 6571, -3*d + 314 = -k + 1637. What is the thousands digit of k?
1
Let b(c) = 6*c**2 - 34*c + 6. Let l be b(5). What is the hundreds digit of (-6)/l - 2752/(-14)?
1
Let y(k) = -k**3 + 6*k**2 + 5*k + 3. Let x be (3 - 4)/(1/(-7)). Let p be y(x). Let q = 35 + p. What is the tens digit of q?
2
Suppose u + 3*i - 2323 = i, 4*i - 8 = 0. What is the tens digit of u?
1
Let y = 18 + -14. Suppose y*a + 14 = 6*a. Suppose -a*m + 8*m - 40 = 0. What is the units digit of m?
0
Suppose 0 = 2*h - 4*h + 66. What is the units digit of h?
3
Let o be -9*(0 - 1 - -5). Let r = 57 + o. Suppose -4*y = -r - 3. What is the units digit of y?
6
Let c = 3 - -2. Suppose -c*j = s + 21, -2*j + 4*s = 3*s + 14. What is the units digit of (j + 6)/(1/34)?
4
What is the hundreds digit of (0 + 2)*(-508872)/(-208)?
8
Let o be (-32)/(-176) - 53/(-11). Suppose o*n + 87 = g, g - 5*g = 2*n - 370. What is the tens digit of g?
9
Let y = -6 + 8. Let s be (y - 3/(-3)) + 7. Let t = 9 + s. What is the tens digit of t?
1
Let t be -4 + 4 - (-50 - 2 - -2). Suppose -d + t = -93. What is the tens digit of d?
4
Let y be (-466)/(-12) - 6/(-36). Let o be (-3)/(-6) + y/2. What is the tens digit of (1 - 3) + o + -1?
1
Suppose 468 = 6*u - 516. Suppose u = 4*w - 132. What is the units digit of w?
4
Let l(y) = 2*y**2 + 6*y + 1. Let q be l(-4). What is the tens digit of 333/q - (-2)/(-2)?
3
Let y(d) = d + 15. Let x be 3/(-15) - 3/(-15). Let u be y(x). Suppose -3*b + 27 + u = 0. What is the units digit of b?
4
Suppose 0 = -4*j + 5*l + 1178, j + 0*j = -5*l + 307. What is the tens digit of j?
9
Let x(n) = n**3 - 2*n**2 - 3*n. Let h be x(-2). Let b = 14 + h. Suppose -2*f - 13 = b*c - 61, 62 = 2*f - 3*c. What is the tens digit of f?
2
Let i(s) = 6*s**2 + 15*s. Let w(y) = -5*y**2 - 15*y - 1. Let c(z) = 4*i(z) + 5*w(z). Let f be c(-13). Suppose f = 2*u - 3. What is the units digit of u?
2
Let c = 39 - 49. What is the units digit of (-5)/(c/(-6)) + 89?
6
Let n be 2078/3*(-12)/4. Let d be 0 + n/1 + -4. What is the tens digit of d/(-42) + 3/7?
5
Suppose -u - 4*h + 2*h + 5 = 0, -u - 4*h = -13. Let r = u + 6. What is the units digit of 1*r/(-3)*-6?
6
Let o(n) = 6*n**2 + 61*n + 104. What is the hundreds digit of o(-27)?
8
Let j(n) = -8. Let x(p) = 7. Let b(q) = -6*j(q) - 7*x(q). Let c(f) = 10*f + 2. Let g(z) = -3*b(z) - c(z). What is the tens digit of g(-1)?
1
Suppose o + 3*j = 3*o - 2815, 0 = -5*o + 2*j + 7010. What is the units digit of o?
0
Suppose 10196 - 2504 = 12*y. What is the units digit of y?
1
Let u = -493 - -1105. What is the units digit of u?
2
Let f be 9*(14/6 + -3). What is the units digit of 6/4 - 369/f?
3
Suppose -315 - 70 = -5*t. What is the hundreds digit of -72*(2*1 + t/(-21))?
1
Suppose 2*s + 89 - 385 = 0. Suppose 0 = -3*i - 4*w + 52, 3*w - 42 + s = 5*i. What is the tens digit of 4*(0 - (-55)/i)?
1
Let a be ((-178)/(-4))/((-2)/4). Let m = 43 - 75. Let r = m - a. What is the units digit of r?
7
Let k = 1081 - 626. What is the hundreds digit of k?
4
Suppose 4*r - 43 = -27. Suppose 5*k - 514 = 3*k - 2*s, k + r*s - 251 = 0. What is the tens digit of k?
5
What is the hundreds digit of (-10)/5*((-370 - 4) + 1)?
7
Let m(x) = -2 + 2*x + 11*x - 4*x - 4*x. What is the units digit of m(7)?
3
Let o(i) = 7*i**3 - 5*i**2 + 14*i + 1. What is the units digit of o(4)?
5
Let d be (-3)/12 - 4383/(-12). Let p be -3*(d/(-15) + 2). What is the tens digit of p - (-2)/(-3)*3?
6
Let r = 1813 - -419. What is the hundreds digit of r?
2
Suppose 5*a - 1245 = 4*y, -y = -5*a + 988 + 257. What is the units digit of a?
9
Suppose 17*r - 1030 = 1758. What is the tens digit of r?
6
Suppose 5*t + 18 = -d, -22 = 2*d + t + 2*t. Let w(x) = -x**3 - 8*x**2 - 5*x - 3. Let u be w(d). Let q = u + 3. What is the tens digit of q?
4
Let x = -117 - -195. Suppose -u = 4*m - 109, 0 = -3*u + 3*m + x + 189. What is the tens digit of u?
9
Let g be (-2)/(-7)*35/5. What is the units digit of (-208)/(-4) + (-2 - g)?
8
Suppose -5*v = -5*g + 15, -4*g + v + 3 = -12. Suppose -g*u + 19 + 5 = 0. Let y = 31 - u. What is the units digit of y?
5
Suppose 5*x - 364 = -9*x. What is the tens digit of x?
2
Let s(g) be the second derivative of g**3/2 + 2*g**2 + 11*g. What is the units digit of s(9)?
1
Suppose 0 = 3*b - 9, 3*z - 3*b + 6 + 3 = 0. Suppose z = 8*p - 12*p - 452. Let r = p - -161. What is the units digit of r?
8
Let t(c) be the first derivative of -6*c**2 + c + 1. Let v be -1 + 7 + (-63)/21 - 6. What is the units digit of t(v)?
7
Let n(z) = 588*z + 